{"id":131,"date":"2025-05-05T20:20:14","date_gmt":"2025-05-05T20:20:14","guid":{"rendered":"https:\/\/dentalcliniccalypso.com\/?page_id=131"},"modified":"2025-05-05T20:20:45","modified_gmt":"2025-05-05T20:20:45","slug":"politica-de-cookies","status":"publish","type":"page","link":"https:\/\/dentalcliniccalypso.com\/index.php\/politica-de-cookies\/","title":{"rendered":"Pol\u00edtica de Cookies"},"content":{"rendered":"\n<hr class=\"wp-block-separator has-alpha-channel-opacity\"\/>\n\n\n\n<h3 class=\"wp-block-heading\"><\/h3>\n\n\n\n<p>Este sitio web utiliza cookies propias y de terceros para mejorar la experiencia de navegaci\u00f3n del usuario y para fines anal\u00edticos. Al continuar navegando por el sitio, entendemos que aceptas su uso.<\/p>\n\n\n\n<h4 class=\"wp-block-heading\">\u00bfQu\u00e9 son las cookies?<\/h4>\n\n\n\n<p>Una cookie es un peque\u00f1o archivo que se almacena en el dispositivo del usuario con el fin de recoger informaci\u00f3n sobre su navegaci\u00f3n. Las cookies permiten reconocer al usuario y recordar sus preferencias para mejorar su experiencia en futuras visitas.<\/p>\n\n\n\n<h4 class=\"wp-block-heading\">Tipos de cookies que utilizamos<\/h4>\n\n\n\n<ul class=\"wp-block-list\">\n<li><strong>Cookies t\u00e9cnicas<\/strong>: necesarias para el funcionamiento b\u00e1sico del sitio (por ejemplo, navegaci\u00f3n, acceso a zonas seguras, formularios).<\/li>\n\n\n\n<li><strong>Cookies de an\u00e1lisis<\/strong>: nos permiten recopilar datos estad\u00edsticos an\u00f3nimos sobre el uso del sitio para mejorar su contenido y funcionalidad (por ejemplo, Google Analytics).<\/li>\n\n\n\n<li><strong>Cookies de terceros<\/strong>: pueden ser instaladas por servicios externos como mapas de Google, v\u00eddeos incrustados o enlaces a redes sociales.<\/li>\n<\/ul>\n\n\n\n<h4 class=\"wp-block-heading\">\u00bfC\u00f3mo puedes gestionar las cookies?<\/h4>\n\n\n\n<p>Puedes permitir, bloquear o eliminar las cookies instaladas en tu dispositivo mediante la configuraci\u00f3n de tu navegador:<\/p>\n\n\n\n<ul class=\"wp-block-list\">\n<li><strong>Chrome<\/strong>: Configuraci\u00f3n > Privacidad y seguridad > Cookies<\/li>\n\n\n\n<li><strong>Firefox<\/strong>: Opciones > Privacidad > Cookies<\/li>\n\n\n\n<li><strong>Safari<\/strong>: Preferencias > Privacidad<\/li>\n\n\n\n<li><strong>Edge<\/strong>: Configuraci\u00f3n > Cookies y permisos del sitio<\/li>\n<\/ul>\n\n\n\n<p>El bloqueo de algunas cookies puede afectar al funcionamiento correcto del sitio web.<\/p>\n\n\n\n<h4 class=\"wp-block-heading\">Cambios en la pol\u00edtica de cookies<\/h4>\n\n\n\n<p>Esta pol\u00edtica puede ser actualizada. Se recomienda revisarla peri\u00f3dicamente para estar informado sobre posibles modificaciones.<\/p>\n\n\n\n<hr class=\"wp-block-separator has-alpha-channel-opacity\"\/>\n\n\n\n<p><strong>Responsable del sitio:<\/strong><br>Haneen Abuawad Ghareib<br>C. Pinar de Calypso, 1, 29649 Mijas, M\u00e1laga<br>NIF: 35738408P<\/p>\n\n\n\n<hr class=\"wp-block-separator has-alpha-channel-opacity\"\/>\n\n\n\n<p><\/p>\n","protected":false},"excerpt":{"rendered":"<p>Este sitio web utiliza cookies propias y de terceros para mejorar la experiencia de navegaci\u00f3n del usuario y para fines anal\u00edticos. Al continuar navegando por el sitio, entendemos que aceptas su uso. \u00bfQu\u00e9 son las cookies? Una cookie es un peque\u00f1o archivo que se almacena en el dispositivo del usuario con el fin de recoger [&hellip;]<\/p>\n","protected":false},"author":1,"featured_media":0,"parent":0,"menu_order":0,"comment_status":"closed","ping_status":"closed","template":"","meta":{"_et_pb_use_builder":"off","_et_pb_old_content":"","_et_gb_content_width":"","footnotes":""},"class_list":["post-131","page","type-page","status-publish","hentry"],"_links":{"self":[{"href":"https:\/\/dentalcliniccalypso.com\/index.php\/wp-json\/wp\/v2\/pages\/131","targetHints":{"allow":["GET"]}}],"collection":[{"href":"https:\/\/dentalcliniccalypso.com\/index.php\/wp-json\/wp\/v2\/pages"}],"about":[{"href":"https:\/\/dentalcliniccalypso.com\/index.php\/wp-json\/wp\/v2\/types\/page"}],"author":[{"embeddable":true,"href":"https:\/\/dentalcliniccalypso.com\/index.php\/wp-json\/wp\/v2\/users\/1"}],"replies":[{"embeddable":true,"href":"https:\/\/dentalcliniccalypso.com\/index.php\/wp-json\/wp\/v2\/comments?post=131"}],"version-history":[{"count":3,"href":"https:\/\/dentalcliniccalypso.com\/index.php\/wp-json\/wp\/v2\/pages\/131\/revisions"}],"predecessor-version":[{"id":134,"href":"https:\/\/dentalcliniccalypso.com\/index.php\/wp-json\/wp\/v2\/pages\/131\/revisions\/134"}],"wp:attachment":[{"href":"https:\/\/dentalcliniccalypso.com\/index.php\/wp-json\/wp\/v2\/media?parent=131"}],"curies":[{"name":"wp","href":"https:\/\/api.w.org\/{rel}","templated":true}]}}